9 - 98 - (1 - 6))?
6
Evaluate 22 - 8 - (11 - 2 - 3).
8
Evaluate -8 - (15 + -5 + 1).
-19
What is the value of -8 + 3 + -3 - (-1 - 3) - 6?
-10
What is the value of -30 - (-25 - (12 - 23))?
-16
Evaluate 21 - ((-9 - -12) + (2 - 6)).
22
What is the value of (-42 - (14 + -47)) + (-2 - -2)?
-9
Calculate 6 - (-10 + 10) - 0 - (-2 - -24).
-16
Calculate 136 - 150 - (-9 - 2).
-3
Calculate -3 + -1 + (-44 + 30 - 4).
-22
Calculate -3 + -2 + 4 + (-21 - -4) + 1.
-17
Evaluate -6 + (-3 - ((1 - -1 - 1) + -30)).
20
What is the value of 16 - (9 + 8 + -13 + 4)?
8
Calculate 17 - (25 + (-31 - -11)).
12
Evaluate (-2 - 32) + 4 - (413 + -427).
-16
Evaluate (-3 - (2 - (2 + (-3 - 3)))) + 5.
-4
15 - (50 + -36) - 18
-17
Calculate 3 + (-6 - (6 + (-4 - (-8 + 5)))).
-8
8 - (-13 + 64 + 2 + -16)
-29
Evaluate -4 - (4 + (-11 - -1) + -5 + 1).
6
Calculate -15 - (5 + -13) - -5.
-2
What is the value of 3 + 0 + 4 + 5 + (12 - 11)?
13
What is 5 + 0 - (10 - 21)?
16
What is (-6 - 2) + 23 + -16 + 18?
17
What is the value of -5 - (11 + (-12 - (38 + -1 + 1)))?
34
What is the value of -38 + 57 + 6 + -11 + 7?
21
Calculate -14 + (-12 - (7 + -23)).
-10
6 + -2 + (7 - -1) + -8
4
Calculate 7 - (-6 + -9 + 5 - -21).
-4
What is the value of -10 + 10 - (-8 + 3)?
5
What is the value of -17 + -1 - (-1 - 14)?
-3
Evaluate (-2 + 22 - 39) + -15.
-34
Evaluate 7 - 22 - (-16 + -3).
4
What is the value of 160 + -146 - (16 + 0)?
-2
What is 4 - (2 + 2 + (52 - 54))?
2
Evaluate (-18 - 10) + 1 - -23.
-4
Evaluate (6 + -2 + 4 - (14 - 13)) + -12.
-5
-20 - (-6 + -1 + (72 - 65) + 0)
-20
Evaluate (4 - 9 - -11 - 0) + -1.
5
What is the value of (5 - (1 - -17)) + 5 - (-5 + 7)?
-10
15 + 2 + (-10 - -16 - 11)
12
Evaluate 19 + -24 + 27 + -6.
16
Evaluate 8 + 7 - (26 - 13).
2
What is (17 - 22 - -30) + -42?
-17
What is -6 - (5 - (12 - -8))?
9
What is the value of -4 + (6 - (11 + -5)) + 4 + -3?
-3
4 + (26 - (9 + -6 + 6))
21
What is the value of -4 + -2 + (0 - (1 - 2))?
-5
What is the value of 1 + -2 + 1 - ((-14 - -18) + -12)?
8
What is the value of (2 - -22) + -33 + 31?
22
What is 15 + 1 + (-281 - -271)?
6
Evaluate 14 + (-24 - (2 + 1 - -11)).
-24
Calculate 3 + (-62 + 29 - 1).
-31
Calculate (-15 - -1) + (-8 - -10) + (-13 - -47).
22
Evaluate 19 - (13 - -10) - -21.
17
Calculate -19 + (-9 - -6 - -35).
13
Evaluate -1 - 2 - ((-11 - -14) + 5).
-11
Calculate (-4 - (13 - 21)) + -26.
-22
Calculate 19 + (15 - ((12 - -2) + 6)).
14
(-40 + 5 - -22) + 8
-5
Calculate 12 + -4 + (5 - 38).
-25
Evaluate -4 - (13 + -1 - 7).
-9
What is 3 - 14 - -10 - (-35 + (-3 - -9))?
28
Calculate (3859 - 3847) + 16 + -1 + 3.
30
Calculate 24 + (9 - 7 - (-11 + 11)) + -5.
21
Evaluate -21 + -3 - (47 - 56).
-15
Evaluate 2 - ((6 - -8) + -18).
6
What is (-23 + 8 - -7) + (7 - 4)?
-5
Evaluate (-71 - 43) + 122 + (0 + -37 - 0).
-29
What is the value of -36 + 25 - (6 + -6 + 8)?
-19
Evaluate -52 + 38 + (1 - -2).
-11
What is (12 + -30 - -10) + (-2 - (-10 - -3))?
-3
Evaluate 9 + 1 - (-8 - (-13 + 16)).
21
Calculate -8 + (9 + -17 + 5 - -3).
-8
What is 16 + -18 + (-9 - -7 - -12)?
8
What is (-1 - 1 - 11 - -8) + 10?
5
Evaluate (18 - (8 - -24)) + 17.
3
Evaluate (9 - -1) + -17 + 2 + (-1 - 3).
-9
Calculate -657 + 676 - (-6 - 2).
27
What is -5 + 15 + (27 - (9 - -7))?
21
Calculate 3 - (-5 - (-5 + (7 - 4))).
6
What is the value of 0 + 0 - (18 - 25 - -7 - 0)?
0
Calculate 17 + 0 + (-10 - (2 + -1) - -5).
11
What is the value of (-8 + -1 - -5) + (3 - 0) + 2?
1
Calculate 4 - (12 + (-2 - 8)).
2
Evaluate -4 + (-3 - (-2 + -2)) + (1 - -13).
11
Calculate (2 - 3) + 5 + 6 + 2.
12
What is the value of (-1 - (2 - 2)) + (-24 - -23) - 8?
-10
Calculate -15 + (2 - 13) + 17.
-9
Calculate (-7 - (-6 + (-8 - -4 - -8))) + -6.
-11
Calculate (12 - -4) + -24 + -3.
-11
What is -2 + 3 + 1 + (23 - 19) + -19?
-13
What is 0 + -11 - (5 - (-2 - -13))?
-5
What is the value of 21 + 0 + -2 + -7 + -26?
-14
What is -9 - -2 - ((-59 - -69) + -29 + -2)?
14
37 - 24 - (2 - -5)
6
Evaluate 5 - (-37 - -7 - (-2 + 1 + -6)).
28
-20 - -28 - (-2 + 9 + -1)
2
What is 19 + -1 + -1 + 3 - 2 - 3?
15
What is -47 + 23 + 9 + (2 - -1)?
-12
What is -23 + 44 + -33 + -6?
-18
Calculate -2 + 6 + (13 - 14 - -2).
5
What is the value of 1 + 1 - (53 + -26 + -21)?
-4
What is (2 - 1) + (-8 - (-9 + -4 - -4))?
2
Calculate -2 - 1 - ((-12 - (-1 + 30)) + 18).
20
What is -9 + 9 + -9 - ((-3 - -1) + 1)?
-8
Calculate 1 - (-10 + 0 + (22 - -4)) - 0.
-15
What is the value of 6 + -1 + (2 - 5) - 13?
-11
What is the value of 0 - -15 - (142 + -143)?
16
What is 2 + -10 - (8 + -14) - (-5 - -1)?
2
Calculate -231 - -245 - (0 + 2 + 1 + 0).
11
What is the value of 6 + 12 + (-35 - -9) - (-41 + 3)?
30
Calculate (-1 - (-1 + -3)) + 69 + -60.
12
What is -1 - 6 - (20 + 6 + -31)?
-2
What is 1 - 10 - (-123 - -131)?
-17
(1 - 0 - 5) + (-57 - -52)
-9
-4 + 9 + 3 + -2 - -2
8
-3 - (-3 - 4 - -19)
-15
What is the value of (-5 - -7) + -5 - (2 - -8)?
-13
(-6 - (-8 + 4) - 5) + 3 + 2
-2
Evaluate -13 + -4 + 13 - 1.
-5
What is the value of -17 + 7 - (-8 + -4 + 13)?
-11
What is the value of -26 + 29 + 0 + -17 + 7?
-7
What is the value of -2 + 2 + 1 - (-69 + 75)?
-5
Calculate (7 - -23) + -4 + -6 - (2 + 2).
16
What is the value of 2 - (4 - 13) - (11 - (7 - 1))?
6
What is -3 + (1 - 4 - (48 - 53))?
-1
What is -14 - (3 - 14) - 0 - 15?
-18
What is the value of -33 - -7 - -13 - 3?
-16
Calculate -5 - (-14 + -2 + 14).
-3
Calculate -20 - ((40 - 47) + (1 - 1)).
-13
Calculate 29 + -32 + (2 - -4).
3
What is the value of 20 + (16 - (-11 + 39)) - (1 - -11)?
-4
Evaluate 1 - (-18 - (-38 - -10)).
-9
What is (-3 - 6) + -1 - (3 + (-10 - -8))?
-11
What is 65 + -125 + (35 - 4)?
-29
What is -4 - ((6 - 3) + 4 + -3)?
-8
What is -4 + -18 - (4 + -11)?
-15
What is 19 - (18 + 22 + -11)?
-10
What is (-5 - 1) + (-66 + 68 - (2 - 1))?
-5
Calculate 26 + (28 - 33) + 19.
40
Calculate (-10 - -1) + -2 + -8 + 12.
-7
Evaluate 9 - ((19 - -10 - 20) + 30).
-30
-2 - -8 - (-7 + 10) - -3
6
What is the value of -4 + (26 - 23) + (10 - (0 + -2))?
11
10 + (8 - 21) + -11 + 4 + 5
-5
14 - ((-10 - -20 - 7) + 5 + 2)
4
Evaluate -11 + 2 + 0 + (-2 - -6) + 2.
-3
Evaluate (-8 - -15 - 6) + -24 + 15 + -19.
-27
What is the value of 0 - (-9 - (23 + -32))?
0
Evaluate 1 + 0 + 1 - (-66 - (5 + -59)).
14
-2 - ((18 - 8) + -13)
1
What is the value of -3 + (-40 - -49 - (-21 - (2 - 1)))?
28
Calculate -13 + (-20 - (10 - 29)).
-14
What is 8 + (2 - 2) - 0?
8
What is the value of 3 - (-11 + 4 + -1 + (19 - -5))?
-13
Calculate -15 + 15 - (11 + 0 - -9).
-20
Calculate (3 - (-1 - (-12 + 6))) + -66 + 93.
25
Evaluate (8 + -7 - 5 - -1) + -4.
-7
Evaluate 17 + 5 + 24 + -40.
6
What is -29 - (20 + -71 - -26)?
-4
What is the value of (15 - 25) + 6 - (-33 + 0 + 6)?
23
0 + -15 - (7 - (20 + -6 - 2))
-10
Calculate 4 + 6 + -6 - ((3 - 3) + 1).
3
What is -24 - -6 - ((-9 - -2) + 9 - 5)?
-15
(-3 + -2 - -4) + 10 + -20 + 6
-5
Calculate 12 + 7 + (5 - 4) + 7 + -12.
15
Evaluate 17 + (8 - 18) + -14.
-7
Calculate 41 + -57 + (3 + -5 + 2 - -3).
-13
Evaluate 5 + -11 + (2 - (-4 - -6)) - 3.
-9
Evaluate (17 - 1) + 203 + -217.
2
What is 8 - (2 - (-4 + 2 + 6 + -2))?
8
Calculate (22 - (-5 + 2)) + (-15 - (-8 - 1)).
19
What is (-6 - -2) + 18 + -2 - (1 - 1)?
12
What is -16 - (-11 + (5 - (4 + -5 + -1)))?
-12
-4 + 1 + (-9 - (-5 - (-5 - -3)))
-9
Calculate 0 - (2 - -5) - (87 - 103).
9
Evaluate 7 - (-12 + 5 + -4 + 4).
14
What is the value of 18 + (-286 - -292 - (0 + (1 - -7)))?
16
Evaluate (4 - (8 - 6 - -6)) + -5.
-9
What is (1 - -5) + (3 - 31) + (-4 - -6)?
-20
3 + (1 - 7) + 14 + (-395 - -397)
13
What is the value of -2 + 5 + (5 - -3 - 10) + 1?
2
(-6 - (3 + -9 + 4)) + (-2 - 0)
-6
What is (-26 - -51) + -3 + (2 - 2) + 3?
25
What is the value of -6 + (13 - (9 - (-8 - -7 - -3)))?
0
Calculate (91 - 90) + (2 - (2 - -1) - 2).
-2
What is the value of 1 + -17 - (331 + -335)?
-12
What is -6 - 1 - (6 + 16 - 30)?
1
What is the value of (1 - (24 + 1)) + (-4376 - -4378)?
-22
What is (36 - 37) + (3 - 2) + 17?
17
31 + (-1 + -8 - (-211 + 212))
21
Evaluate -3 + (0 + 5 + -7 - -4).
-1
Evaluate -2 - -17 - (-13 - -49 - 25).
4
10 + (-2 - (12 + -9 + -6))
11
Evaluate 2 + 15 + -1 + -1 + 10.
25
What is the value of -7 - (3 - (10 + 14 + 0))?
14
What is 23 + -27 + 10 + -17 + -1?
-12
Evaluate (-29 - (-53 + 2)) + (-4 - (0 + 1)).
17
Calculate -3 + -4 + 25 + -7 + -9 + 25.
27
Calculate (-7 - 1) + 3 - (2 + (0 - 20)).
13
What is the value of -2 + -3 - (10 - (18 -